Let b be o(y). Suppose b = 5*x - 81 - 139. What is the tens digit of x?
4
Suppose -197654 = -27*g - 70565. What is the tens digit of g?
0
Let d = -40958 - -59394. What is the ten thousands digit of d?
1
Let w(h) = -51*h**3 + 12*h**2 + 123*h + 100. What is the tens digit of w(-10)?
7
Suppose -182*p + 162*p = -141540. What is the units digit of p?
7
Let s = 42 + -48. Let l(j) = 7*j**3 - 13*j**2 - 22*j + 2. Let p(b) = -5*b**3 + 12*b**2 + 23*b - 3. Let f(m) = -3*l(m) - 4*p(m). What is the units digit of f(s)?
4
Suppose -43*g + 19*g + 20*g = 0. Suppose 3*r + r - 1732 = g. What is the units digit of r?
3
Let q be (-2 - 4/(-4)) + 4. Suppose -5*h = -q*h + 8. What is the units digit of ((-920)/(-16))/(1/h*-2)?
5
Suppose 0 = -j + l - 3, 0 = j - 0*l + 3*l - 9. Suppose j = 4*u + i + 2, 2*i + 8 = -3*u - 2*i. Let h = 231 + u. What is the tens digit of h?
3
Let l(y) = -y**2 + 13*y + 24. Suppose -3*g - 4 = -1. Let a be -1 - 0 - 14*g. What is the units digit of l(a)?
4
Let u(s) = -149*s**3 - 9*s**2 + 54*s + 196. What is the units digit of u(-5)?
6
Let b be (-5 - 1770/(-18))*(2 - -1). What is the hundreds digit of -10*(0 - b/5)?
5
Let s(u) = -51*u + 87. Let j be s(8). Let d = j + 619. What is the hundreds digit of d?
2
Suppose 5*t + 82 = 1077. Suppose 13*l + t = 6985. What is the units digit of l?
2
Let t(k) = -644*k + 161. Let w be (-1 + (-5)/(-2))/((-3)/6). What is the tens digit of t(w)?
9
Suppose -5*x - 45 = -5*y, 3*x + 22 = 7. Let h be (1 - y)*-1 - -7. Suppose -h*a = -25*a + 60. What is the units digit of a?
4
Let g(a) = a - 60. Let z be g(-22). What is the thousands digit of 3082/3 - z/123?
1
Let z = 10310 - 6110. What is the tens digit of z?
0
Let w = 2269 - 2002. What is the hundreds digit of w?
2
Let d(g) = 2*g**2 + 5*g - 10. Let l be 36 + 0 - (-2)/(-2). Let q = -45 + l. What is the tens digit of d(q)?
4
What is the units digit of (140 - 2000)*(-18)/10?
8
Suppose 0 = -5*f + 12*f + 1680. Let i = f + 257. What is the units digit of i?
7
Let n(y) = 8*y**2 + 100*y - 17. What is the tens digit of n(12)?
3
What is the hundreds digit of -1 - -5594 - (13 + -25 - -20)?
5
Let o(t) = -2*t**3 - 3*t**2 + 4*t + 7. Let i be o(-3). Suppose -i*h + 20*h = -470. What is the units digit of h?
5
Let t(q) = 22 + 22 + 9*q**2 - 6*q - 52 - 2*q. What is the tens digit of t(5)?
7
What is the hundreds digit of 93784/12 - 2/(48/(-40))?
8
What is the hundreds digit of (-254190)/(-22) - ((-4736)/176 + 27)?
5
Let q(i) = -1 - 1254*i - 1 + 2388*i - 1194*i. What is the hundreds digit of q(-4)?
2
Suppose 5*l = -25, -32890 = 25*g - 20*g - 2*l. What is the hundreds digit of (4/8)/((-5)/g)?
6
Let g(s) = 66*s - 50. Let k be g(1). What is the hundreds digit of ((-26982)/90)/(k/(-5) - -3)?
4
Let s be 1 + -2 + (2 - -4). Suppose 4 = s*v - 51. Let h = v - -57. What is the units digit of h?
8
Suppose 4*c = 8*c. Suppose c = 4*l - 1305 - 3035. Suppose l = 7*o - 2*o. What is the tens digit of o?
1
Let x(p) = 3*p + 30. Suppose -21*u = -15*u - 30. What is the units digit of x(u)?
5
Let b = -3265 - -4562. What is the tens digit of b?
9
Suppose 5*g - 2145 = -5*k, 4*k - 75*g + 73*g - 1680 = 0. What is the hundreds digit of k?
4
Suppose -5*b + 131 - 356 = 0. What is the hundreds digit of ((-27)/(-15))/((-27)/b) + 123?
1
Let x = 815 - 1507. Let m = 1151 + x. What is the tens digit of m?
5
Let d be 942 - 1/(-2)*20/5. Suppose 0*y = 4*y - 2*j - d, 218 = y + 4*j. What is the units digit of y/(-12)*4/(-3)?
6
Let x be (-2 + 5)/(1/((-16)/6)). Let j(q) = -4*q + 32. What is the tens digit of j(x)?
6
Let u(x) = 2*x**3 + 24*x**2 + 22*x - 15. Let b be u(-11). What is the tens digit of (6/(-9))/(b/2655)?
1
Suppose 0 = 3*u - 164 + 158. Suppose 9 = 11*j - 8*j. Suppose 7*a - 966 = j*a - u*p, -3*p = a - 254. What is the tens digit of a?
3
Let k = 4684 - 3014. Let q = k - 1148. What is the units digit of (-5)/(-25) - q/(-15)?
5
Suppose -10*h = -157*h + 338506 + 414134. What is the tens digit of h?
2
Let h(p) = 5*p - 12. Let w be h(3). What is the hundreds digit of (w - 7) + 0 + 1035/3?
3
Suppose 15 - 39 = -a. What is the tens digit of a/(-36) - (-2302)/6?
8
Suppose -62*m = -68368 - 771410 - 601164. What is the hundreds digit of m?
2
Let m be 0 + -41*1 - (0 + -1). Let w = 119 + m. What is the units digit of w?
9
Let m(b) = 5*b**3 - b**2 - 7*b + 8. Let v be m(2). Suppose -2*h = -4*y - 1528, h + v - 800 = -y. What is the hundreds digit of h?
7
Let l = -235 - -239. Suppose 6 = -5*n - l, -4*j + 54 = -n. What is the tens digit of j?
1
Let f be 12/3*(-1835)/(-10). Let b = f + -195. What is the tens digit of b?
3
Suppose 5*n = 4*n + 40. Let h = 46 - n. What is the units digit of (3 + h/(-4))*464/12?
8
Let r = -2044 + 2155. Let g be 2 - 0/(-1) - -8. What is the units digit of r + 0 + 0 - g/5?
9
Suppose 3*f + 44684 = 2*l, -5*f + 47544 + 41780 = 4*l. What is the tens digit of l?
3
Suppose -207*w - 2970200 = -307*w. What is the ten thousands digit of w?
2
Let d = -16 - -17. Let r be (1/d)/(3 - 93/30). Let t(s) = s**2 + 7*s + 2. What is the units digit of t(r)?
2
Suppose -27929*c = -27938*c + 110772. What is the tens digit of c?
0
Let a be (-6)/36*-34 + (-2)/(-6). Suppose 50 = -a*w + 3056. What is the tens digit of w?
0
Suppose 5*j = u + 1803, -j - u = -339 - 18. What is the tens digit of j?
6
Suppose 38*r + 146819 = 45*r + 5*o, 2*r - 2*o = 41962. What is the tens digit of r?
7
Let y(x) = x**3 + 2*x**2 + 10*x - 5. Let r(p) = 6*p + 0*p - 2*p - 5*p. Let a(s) = 2*r(s) - y(s). What is the units digit of a(-4)?
5
Let v = -65 - -131. Suppose -r + 44 = -v. What is the tens digit of r?
1
Let o = -190 - -193. Suppose -2*q + 733 = o*w, -16*q + 21*q + 2*w - 1849 = 0. What is the units digit of q?
1
Let o(g) = 25 - 86 + 52 + 40 + 41*g + 19. What is the units digit of o(19)?
9
Suppose -13*i + 30 = 2*i. Suppose 0 = 3*s + l + i*l - 606, 0 = -3*s + 4*l + 620. What is the units digit of s?
4
Suppose -5*f + 2*v + 608 = 0, -2*v + 50 - 538 = -4*f. What is the units digit of (-5177)/(-15) - 8/f*2?
5
Let c = -29 + 34. Suppose -l + 7 = 4*i, -c*l + 0*i = i + 3. What is the tens digit of 3*(-2 - l) + 86 + 6?
8
Let w(c) = 47*c**3 - c**2 + 2*c - 1. Suppose 5*s - 5 + 302 = -3*g, 5*g - 65 = s. Let q = -59 - s. What is the tens digit of w(q)?
4
Suppose -2*h + 99 = h. Suppose -h*j + 35*j - 6 = 0. Suppose -4 = 3*g + 4*y, -j*y - 12 = -4*g - 4*y. What is the units digit of g?
4
Let t = 9482 - -7340. What is the thousands digit of t?
6
Let q be (-116)/3*(3 - (-1 + 1)). Let f be (q - -3) + (-1)/2*-4. Let r = f + 275. What is the hundreds digit of r?
1
Let r = 604 + -772. Let o = -162 + 106. Let a = o - r. What is the hundreds digit of a?
1
Let q(p) = p**3 - 24*p**2 + 42*p + 61. Let a be q(22). Let g(s) = 24*s - 19. What is the units digit of g(a)?
9
Let g(b) = b**2 + 15*b + 45. Let o be g(-12). Let f be 33/o + 0 - 2/3. Suppose q - 5*h = 85, -f*q - h + 85 = -2*q. What is the tens digit of q?
8
Let u be (-12 + 316)/(-1 + 2). Suppose 4*g = 104 - u. Let w = g - -134. What is the tens digit of w?
8
Let i(s) = -7*s**2 - 21*s - 27. Let a(u) = 4*u**2 + 10*u + 13. Let h(d) = 5*a(d) + 3*i(d). Let t be h(-8). Let z = 91 - t. What is the tens digit of z?
6
Suppose 0 = -2*a - 3*o + 31110 + 38773, 5*a - 174697 = 3*o. What is the thousands digit of a?
4
Let w(k) = 29*k**2 - 12*k - 175. What is the units digit of w(-22)?
5
Suppose 0 = -14*q + 11*q - 126. Let o be 4/(-14) - 3/(q/46). Suppose 5*j - 3*c - 510 = 0, c = -o*j - 0*c + 306. What is the hundreds digit of j?
1
Let x be (-9 - 195/(-21)) + 313/7. What is the hundreds digit of -655*(-108)/x - (3 + -2)?
5
Let s(l) = -27*l + 167. What is the thousands digit of s(-34)?
1
Let w(s) be the first derivative of -s**2/2 + 8*s - 4. Let h be w(0). Suppose -5*x - 850 = -5*j, -x - h = -10. What is the hundreds digit of j?
1
Suppose 3*w + 4*z = 5*w + 124, 4*z = -5*w - 240. Let p(t) = t**2 + 16*t + 59. Let c be p(-7). What is the units digit of c - (w + 0) - -3?
1
Let t(n) = n**2 - 279*n - 372. What is the units digit of t(-123)?
4
Suppose 5*g = 4*w - 8, -4*g + 2 = -2*w - 0*g. Suppose 0 = w*i + 2*i - 3258. What is the units digit of i?
2
Let m = 1236 + -877. Let f = -101 + m. What is the tens digit of f?
5
Let l(v) = 37 + 6*v**2 + 0*v - 4*v**2 + 14*v + 0*v**2. Let w be l(-11). Suppose q - 5*q = -3*o - 435, 0 = -q + 4*o + w. What is the hundreds